ate the highest common factor of 11562 and 2256.
282
Calculate the highest common divisor of 23069 and 1173.
391
Calculate the greatest common factor of 504 and 84798.
126
Calculate the highest common divisor of 23 and 2887604.
23
What is the highest common divisor of 30492 and 432696?
1452
Calculate the highest common factor of 50274 and 1463.
133
What is the greatest common divisor of 385 and 25355?
55
What is the highest common divisor of 11028 and 1932?
12
Calculate the greatest common factor of 4 and 31068.
4
What is the highest common divisor of 93 and 669?
3
Calculate the greatest common factor of 1221 and 98124.
111
What is the greatest common factor of 184348 and 102?
34
What is the highest common factor of 9222 and 29?
29
Calculate the greatest common divisor of 68 and 796.
4
Calculate the greatest common factor of 13792 and 4741.
431
Calculate the greatest common divisor of 3980 and 2200.
20
What is the highest common divisor of 12 and 957432?
12
What is the highest common factor of 84 and 63609?
21
Calculate the greatest common divisor of 8533 and 1357.
23
Calculate the highest common divisor of 2450 and 9575.
25
Calculate the greatest common factor of 158 and 2294871.
79
What is the highest common factor of 159446 and 392?
98
What is the greatest common factor of 52 and 3016819?
13
What is the highest common factor of 496213 and 119?
17
Calculate the highest common factor of 693 and 1883.
7
Calculate the greatest common factor of 824 and 57864.
8
Calculate the greatest common divisor of 1128817 and 782.
391
What is the highest common factor of 62 and 27187?
31
Calculate the highest common factor of 12 and 1033818.
6
What is the greatest common factor of 95 and 63385?
5
Calculate the greatest common factor of 44232 and 21432.
456
Calculate the highest common factor of 5588 and 3302.
254
What is the greatest common factor of 54 and 232479?
9
What is the highest common factor of 1788 and 804?
12
What is the greatest common divisor of 3601503 and 486?
243
What is the greatest common factor of 930 and 678?
6
What is the highest common factor of 92270 and 190?
10
What is the greatest common divisor of 183 and 399855?
183
What is the highest common divisor of 126746 and 127?
127
Calculate the greatest common factor of 1044 and 20376.
36
Calculate the highest common factor of 624379 and 382.
191
Calculate the greatest common divisor of 8755 and 1615.
85
What is the highest common factor of 8879 and 65?
13
Calculate the highest common divisor of 1421 and 13867.
49
Calculate the greatest common factor of 88 and 8072.
8
Calculate the greatest common divisor of 26 and 597636.
26
Calculate the greatest common factor of 24 and 11162.
2
Calculate the highest common factor of 4824 and 6756.
12
What is the highest common divisor of 4 and 22608?
4
What is the highest common factor of 15704 and 5720?
104
Calculate the greatest common divisor of 98568 and 648.
72
Calculate the greatest common factor of 17 and 72131.
17
What is the highest common factor of 242052 and 8004?
276
Calculate the highest common factor of 14977 and 51.
17
What is the highest common factor of 30 and 1230?
30
What is the highest common divisor of 1798 and 45260?
62
Calculate the highest common divisor of 8178520 and 28.
28
What is the greatest common divisor of 22075 and 25?
25
What is the greatest common divisor of 46 and 51658?
46
Calculate the greatest common factor of 6161 and 161095.
101
Calculate the greatest common divisor of 275 and 3275.
25
Calculate the greatest common factor of 1458 and 8856.
54
What is the greatest common factor of 34368 and 93?
3
What is the highest common factor of 768 and 606?
6
Calculate the highest common divisor of 441045 and 605.
605
What is the greatest common divisor of 24862 and 802?
802
What is the greatest common factor of 5870662 and 1498?
1498
What is the highest common factor of 121162 and 58?
58
Calculate the greatest common factor of 8 and 38716.
4
What is the greatest common factor of 332 and 18421684?
332
Calculate the greatest common factor of 1630 and 3390074.
326
What is the highest common factor of 132 and 64317?
33
What is the highest common divisor of 27404 and 1547?
221
Calculate the highest common divisor of 650 and 579850.
50
What is the highest common divisor of 4221 and 26229?
21
Calculate the greatest common factor of 74928 and 4.
4
What is the greatest common divisor of 13 and 754949?
13
What is the greatest common divisor of 1104 and 153824?
368
Calculate the highest common factor of 84 and 127148.
28
What is the greatest common divisor of 4700 and 2914?
94
What is the highest common factor of 291 and 372?
3
What is the highest common factor of 354 and 373942?
118
Calculate the greatest common factor of 4745 and 3965.
65
What is the highest common factor of 26216 and 80?
8
What is the highest common divisor of 99731 and 15979?
551
What is the greatest common divisor of 15920 and 2840?
40
What is the greatest common divisor of 964 and 87001?
241
Calculate the greatest common factor of 3864 and 1848.
168
Calculate the greatest common divisor of 615197 and 11.
11
What is the greatest common factor of 12 and 62052?
12
What is the greatest common divisor of 74277 and 1701?
567
Calculate the greatest common factor of 18 and 1434.
6
What is the highest common divisor of 385 and 35970?
55
What is the greatest common divisor of 1750 and 4130?
70
What is the highest common divisor of 670 and 6130?
10
What is the greatest common factor of 1458715 and 5?
5
What is the greatest common factor of 16383 and 3429?
381
Calculate the greatest common divisor of 821506 and 28.
14
What is the greatest common factor of 10319808 and 354?
354
What is the highest common factor of 16 and 9692080?
16
Calculate the highest common factor of 6252 and 2406.
6
Calculate the greatest common factor of 356 and 135458.
178
What is the highest common factor of 27478 and 242?
22
Calculate the greatest common factor of 38 and 1030427.
19
Calculate the highest common divisor of 7008 and 24163.
73
Calculate the greatest common divisor of 219723 and 42.
21
What is the greatest common factor of 417 and 219?
3
Calculate the greatest common divisor of 35 and 470.
5
What is the highest common divisor of 280 and 29918?
14
What is the highest common divisor of 12 and 539328?
12
Calculate the highest common divisor of 288711 and 102.
51
What is the highest common divisor of 160312 and 232?
232
What is the greatest common divisor of 657 and 4161?
219
What is the greatest common divisor of 510 and 2370?
30
Calculate the greatest common factor of 9709 and 6643.
511
What is the greatest common divisor of 6 and 11042?
2
Calculate the greatest common factor of 460 and 67390.
230
What is the highest common divisor of 264076 and 16?
4
What is the greatest common factor of 128 and 2566?
2
What is the greatest common divisor of 708509 and 15691?
1207
What is the highest common divisor of 32 and 63840?
32
What is the highest common factor of 2906560 and 640?
320
What is the greatest common divisor of 1460 and 6667820?
1460
What is the highest common factor of 348 and 14287488?
348
What is the greatest common factor of 137511 and 513?
27
What is the greatest common divisor of 532 and 6403?
19
What is the greatest common factor of 7140711 and 177?
177
What is the highest common factor of 6355 and 656?
41
Calculate the highest common divisor of 32 and 8464.
16
What is the greatest common divisor of 13932 and 95904?
324
What is the highest common divisor of 353 and 4965651?
353
Calculate the highest common factor of 2419690 and 3185.
455
What is the greatest common factor of 6048 and 630?
126
Calculate the greatest common factor of 18290 and 589.
31
What is the highest common divisor of 1813 and 78253?
49
What is the highest common divisor of 236 and 45902?
118
What is the greatest common divisor of 425 and 55335?
85
Calculate the greatest common divisor of 1281 and 1491.
21
What is the highest common factor of 1 and 115015?
1
What is the highest common divisor of 4410 and 36?
18
What is the greatest common factor of 112813 and 1?
1
Calculate the greatest common factor of 1768 and 4896.
136
What is the greatest common divisor of 3174 and 690?
138
Calculate the highest common